r when 66 is divided by v?
15
Calculate the remainder when (-471)/(-7) + (-5)/(175/10) is divided by 17.
16
Let z be 4/10 + (-903)/(-5). Suppose 0 = -4*w + 5*j + 138, 5*w - z = 2*j - 0*j. What is the remainder when w is divided by (-2)/(-12) - (-308)/24?
11
Let x(t) = 3*t - 5. What is the remainder when 11 is divided by x(4)?
4
Let m be 1 - (-1)/(2/220). Let n = m - 61. Suppose 12*i = 7 + 149. Calculate the remainder when n is divided by i.
11
Suppose 10 = -5*u + 5*h, 0*h - 2*h = -u - 7. What is the remainder when 10 is divided by u?
1
Let d(h) = h + 29. Let l(t) = -t**3 + 7*t**2 - 5*t - 6. Let z be l(6). Let v be (z/(-1))/(-2 - -3). Calculate the remainder when d(v) is divided by 15.
14
Let t(p) = -p + 7. Let k be t(6). Let c be (5/(-3))/(k/(-3)). Suppose -6*m + 40 = -m - 5*h, h + 60 = c*m. Calculate the remainder when m is divided by 7.
6
Let b(r) = r**3 + 14*r**2 - 14*r + 21. Calculate the remainder when 26 is divided by b(-15).
2
Let j = 70 - 59. What is the remainder when 0 + 40 + (1 - 0) is divided by j?
8
Let h = 7 - 1. Suppose -h = -c + 34. Suppose b - 15 = -5*l + 52, -3*b = -l + 23. What is the remainder when c is divided by l?
12
Let c(r) = 6*r. Suppose 0 = -2*l - 0*l - 2. Let q be (l + -1 - -3)/1. Calculate the remainder when c(q) is divided by 4.
2
Suppose -5*y - 5 = 5*h, 3*h - 8*h + 10 = 0. Let l be (-91)/y - (-3)/(-9). Calculate the remainder when 5*3/(l/88) is divided by 15.
14
Let h = 1 + 2. Suppose 3*g + 5 = -4. Let u(l) = -l. What is the remainder when u(g) is divided by h?
0
Suppose 0*t - 7*t + 56 = 0. What is the remainder when 30 is divided by t?
6
Let x(b) be the third derivative of 0 + 0*b**5 + 0*b - 1/6*b**3 + 0*b**4 - b**2 - 3/40*b**6. Calculate the remainder when 15 is divided by x(-1).
7
Suppose -2*i - 12 = -6*i. Calculate the remainder when 5 is divided by i.
2
Let r = -247 - -320. Suppose -l = -3*v + 52, -2*l = -2*v - v + 47. Calculate the remainder when r is divided by v.
16
Let k(g) = g - 3. Calculate the remainder when 18 is divided by k(7).
2
Suppose -5*y - 42 = -122. Calculate the remainder when 109 is divided by y.
13
Suppose 0 = 2*d + 1 + 5. Let v be d/(-3 + 96/33). Suppose 0*m + 3*m - v = 0. Calculate the remainder when m is divided by 7.
4
Suppose 0 = 8*t - 13*t + 595. Calculate the remainder when t is divided by 24.
23
Let s(p) = 4*p + 111. Let z be (12/10)/((-2)/(-10)). Let n = 14 - z. What is the remainder when s(-24) is divided by n?
7
Let c(g) = g**3 + 5*g**2 - 4*g - 6. Suppose 4*m + 20 = 4*p, 0 = -p - 5*m - 0*m + 29. What is the remainder when c(-4) is divided by p?
8
Suppose -4*u + u - 2*f = -207, -4*f = 2*u - 146. Let i = 131 - u. Suppose 0 = -0*j + j + q - 27, 25 = 5*q. What is the remainder when i is divided by j?
20
Let f(w) = w**2 - 17*w - 10. What is the remainder when f(19) is divided by 15?
13
Let z = 112 + -99. Calculate the remainder when 49 is divided by z.
10
Let h(o) = 6*o**3 - o**2 - 2*o + 1. Suppose 6*q + 3*r - 44 = 2*q, -2*q + 5*r = -48. What is the remainder when h(2) is divided by q?
13
What is the remainder when (-12)/(-54) + (-1587)/(-27) is divided by 21?
17
Let g be ((-4)/(-16))/(2/16). Suppose s - 4*u = -g*s + 52, 3*s + 3*u - 24 = 0. What is the remainder when 33 is divided by s?
9
Let j(d) = -d**2 + 4*d + 17. Let o(w) = -2*w**2 + 7*w + 35. Let s(f) = 9*j(f) - 4*o(f). Calculate the remainder when 11 is divided by s(9).
3
Let h(q) = -q**2 - 6*q. Calculate the remainder when -2 + 13 - 1*-2 is divided by h(-4).
5
Suppose -27*h = -28*h + 51. What is the remainder when 95 is divided by h?
44
Suppose 2*n + 5*o = 23, -2*n + 0 + 26 = 2*o. Suppose 5*d - 16 = n. Suppose -5*c - 4*h = -40, -4*h = -d*c + c + 40. What is the remainder when c is divided by 5?
3
Let d be 53 - (2 + -2) - -3. Suppose 5*v = 7*v - d. What is the remainder when 81 is divided by v?
25
Let w(p) = p**2 + 3*p - 4. Let y be w(-4). Suppose 2*l - 3*l + 4 = 3*i, y = -5*l + 3*i + 110. Calculate the remainder when 37 is divided by l.
18
Suppose 3*s - 3*j = 2*s + 21, 0 = 3*j + 9. What is the remainder when 47 is divided by s?
11
Let j(m) = 6*m - 16. Suppose 0 = i - 5*i + 52. What is the remainder when j(9) is divided by i?
12
Let v(s) = 18*s**2 + 4*s - 1. Calculate the remainder when v(-2) is divided by 22.
19
Let u = 15 - -3. Suppose -20*n = -21*n + u. Calculate the remainder when 69 is divided by n.
15
Let k = 12 + -2. What is the remainder when k is divided by (-18)/(-5) + (-3)/5?
1
Let g = 3 - -3. Let u = 0 - -14. What is the remainder when 160/g - 2/3 is divided by u?
12
Let z be (5/(-2))/(2/(-8)). Let u be (-178)/z - (-3)/(-15). What is the remainder when 12/u - (-158)/3 is divided by 18?
16
Let c(z) = -z**3 + 5*z**2 + 10*z - 8. Suppose 2*u - 10 = 0, -h + 85 = h - u. Calculate the remainder when h is divided by c(6).
13
Let b(s) be the second derivative of -s**5/20 - s**4/6 + s**3/2 - 3*s**2/2 - 2*s. Calculate the remainder when b(-5) is divided by 15.
12
Suppose 0 = 2*b + 4 - 12, 5*l + 3*b = 107. Let f = -5 + 15. Calculate the remainder when l is divided by f.
9
Let t = -22 + 13. Let q = t - -14. Let n(y) = -y**3 + 5*y**2 + 2*y + 5. What is the remainder when n(q) is divided by 8?
7
Let r be 4/(-3)*(-18)/12. Suppose -5*x + 90 = 7*g - 2*g, -5*x + 75 = r*g. Calculate the remainder when 24 is divided by x.
11
Let f(k) = 20*k - 3. What is the remainder when f(3) is divided by 20?
17
Let n = 4 + -8. Let a(s) = s**3 + 6*s**2 + 4*s + 6. Let c be a(n). Let u = c + -8. What is the remainder when u is divided by 5?
4
Let z = -4 + 7. Suppose -j + 68 = z*j. Suppose 2*y + 3*u = -0*y + 7, 0 = -3*u - 3. Calculate the remainder when j is divided by y.
2
Let o(i) = i**2 + 10*i - 6. Let p be o(-10). Calculate the remainder when 9 is divided by (-4)/p - 50/(-15).
1
Suppose -q + 9 = 2*q, -99 = -4*l - q. Suppose -l = -5*h + 2*x, h + h = -3*x + 2. What is the remainder when 2/7 - 150/(-14) is divided by h?
3
Let v be (-3)/5 - 3/(-5). Suppose v = -3*h + 8*h - 70. Calculate the remainder when h is divided by 4.
2
What is the remainder when (-348)/(-36) + (-2)/3 is divided by ((-3)/(-1) - 5) + 6?
1
Let q(v) = v**3 - 6*v**2 - v + 4. Suppose 5*u - 2*a - 28 = 0, -4*u + 2*a = -24 + 2. Let z be q(u). Calculate the remainder when z/((-2)/21) - 3 is divided by 5.
3
Let v be (-4)/20 + 48/(-10). Let t = 6 - v. Calculate the remainder when 31 is divided by t.
9
Suppose n - 3*n + 159 = k, 12 = 4*k. What is the remainder when n is divided by 40?
38
Let v(s) = -s**2 + 11*s - 2. Suppose 0 = 4*p - 16, -3*p + 7*p = -4*d + 60. Let o be v(d). Calculate the remainder when o/8 - 173/(-4) is divided by 15.
13
Let g(q) = -4*q - 6. Calculate the remainder when 40 is divided by g(-5).
12
Let f(k) be the second derivative of k**4/12 + 3*k**2/2 - 4*k. What is the remainder when 73 is divided by f(-4)?
16
Suppose -44 = h - 3*h. What is the remainder when -1*3*(8 + 1090/(-30)) is divided by h?
19
Let j(i) = -i**2 + 13*i - 16. What is the remainder when (-33)/12*(-1 + -3) is divided by j(11)?
5
Let c be 52/5 + (-6)/15. Suppose -6*z + z + c = 0. Calculate the remainder when 5 is divided by z.
1
Suppose 4*n - 5*n + 10 = 0. Calculate the remainder when 45 is divided by n.
5
Suppose 0 = -3*f + 4*r - 3 - 1, 3*r - 12 = 0. Suppose -f*j - 11 = 9. Let m = 11 + j. Calculate the remainder when 11 is divided by m.
5
Calculate the remainder when -3 - (-8 - (-6 + 3)) is divided by 2.
0
Suppose 4*s - 83 + 11 = 0. Let q = -39 - -73. Calculate the remainder when q is divided by s.
16
Let j(f) be the first derivative of 5*f**3/3 + 3*f**2/2 + 2*f - 3. What is the remainder when 47 is divided by j(-2)?
15
Let f = 13 - 8. Let w = -7 + f. Let z(l) = 9*l**2 + 3*l + 2. What is the remainder when z(w) is divided by 11?
10
Let b = 1 - -1. Suppose 4*z = 2*z - m + 76, z = b*m + 48. What is the remainder when z is divided by 21?
19
Suppose 0 = -8*r + 6*r + 22. Calculate the remainder when r is divided by 7.
4
Suppose 174 = i - 3*i. Let k = -8 - i. Calculate the remainder when k is divided by 27.
25
Suppose 0*u - 5*m + 32 = u, -3*m + 72 = 5*u. Let y = -6 + u. Let s = 9 - y. What is the remainder when 4 is divided by s?
1
Calculate the remainder when 5/(-25) + 596/5 is divided by 40.
39
Let y(z) = z**2 - 6*z + 7. Let p = -14 - -26. Calculate the remainder when p is divided by y(6).
5
Suppose 0*h 